{"version":"1.0","provider_name":"228 News","provider_url":"https:\/\/228news.tg","author_name":"Bienvenu SAVI","author_url":"https:\/\/228news.tg\/index.php\/author\/bienvenu\/","title":"Le Fonds de Solidarit\u00e9 Africain d\u00e9sormais \"AA+\" - 228 News","type":"rich","width":600,"height":338,"html":"<blockquote class=\"wp-embedded-content\" data-secret=\"0VKPjSBbRB\"><a href=\"https:\/\/228news.tg\/index.php\/2018\/04\/04\/le-fonds-de-solidarite-africain-desormais-aa\/\">Le Fonds de Solidarit\u00e9 Africain d\u00e9sormais \u00ab\u00a0AA+\u00a0\u00bb<\/a><\/blockquote><iframe sandbox=\"allow-scripts\" security=\"restricted\" src=\"https:\/\/228news.tg\/index.php\/2018\/04\/04\/le-fonds-de-solidarite-africain-desormais-aa\/embed\/#?secret=0VKPjSBbRB\" width=\"600\" height=\"338\" title=\"\u00ab\u00a0Le Fonds de Solidarit\u00e9 Africain d\u00e9sormais \u00ab\u00a0AA+\u00a0\u00bb\u00a0\u00bb &#8212; 228 News\" data-secret=\"0VKPjSBbRB\" frameborder=\"0\" marginwidth=\"0\" marginheight=\"0\" scrolling=\"no\" class=\"wp-embedded-content\"><\/iframe><script>\n\/*! This file is auto-generated *\/\n!function(d,l){\"use strict\";l.querySelector&&d.addEventListener&&\"undefined\"!=typeof URL&&(d.wp=d.wp||{},d.wp.receiveEmbedMessage||(d.wp.receiveEmbedMessage=function(e){var t=e.data;if((t||t.secret||t.message||t.value)&&!\/[^a-zA-Z0-9]\/.test(t.secret)){for(var s,r,n,a=l.querySelectorAll('iframe[data-secret=\"'+t.secret+'\"]'),o=l.querySelectorAll('blockquote[data-secret=\"'+t.secret+'\"]'),c=new RegExp(\"^https?:$\",\"i\"),i=0;i<o.length;i++)o[i].style.display=\"none\";for(i=0;i<a.length;i++)s=a[i],e.source===s.contentWindow&&(s.removeAttribute(\"style\"),\"height\"===t.message?(1e3<(r=parseInt(t.value,10))?r=1e3:~~r<200&&(r=200),s.height=r):\"link\"===t.message&&(r=new URL(s.getAttribute(\"src\")),n=new URL(t.value),c.test(n.protocol))&&n.host===r.host&&l.activeElement===s&&(d.top.location.href=t.value))}},d.addEventListener(\"message\",d.wp.receiveEmbedMessage,!1),l.addEventListener(\"DOMContentLoaded\",function(){for(var e,t,s=l.querySelectorAll(\"iframe.wp-embedded-content\"),r=0;r<s.length;r++)(t=(e=s[r]).getAttribute(\"data-secret\"))||(t=Math.random().toString(36).substring(2,12),e.src+=\"#?secret=\"+t,e.setAttribute(\"data-secret\",t)),e.contentWindow.postMessage({message:\"ready\",secret:t},\"*\")},!1)))}(window,document);\n\/\/# sourceURL=https:\/\/228news.tg\/wp-includes\/js\/wp-embed.min.js\n<\/script>\n","thumbnail_url":"https:\/\/228news.tg\/wp-content\/uploads\/2024\/09\/FSA-752x440-1.jpg","thumbnail_width":752,"thumbnail_height":440,"description":"Le Fonds de Solidarit\u00e9 Africain (FSA) a re\u00e7u ce mardi 27 mars la notation \u00ab\u00a0AA+\u00a0\u00bb. Elle lui a \u00e9t\u00e9 d\u00e9cern\u00e9e par l&rsquo;agence de notation WARA au cours d&rsquo;une c\u00e9r\u00e9monie dans la capitale togolaise. Fruit du travail bien fait instaur\u00e9 au FSA, cette nouvelle notation mat\u00e9rialise l\u2019efficacit\u00e9 des diff\u00e9rentes directions dans leurs r\u00f4les respectifs et la ... Lire la suite"}

Le Fonds de Solidarité Africain désormais "AA+" - 228 News

<blockquote class="wp-embedded-content" data-secret="0VKPjSBbRB"><a href="https://228news.tg/index.php/2018/04/04/le-fonds-de-solidarite-africain-desormais-aa/">Le Fonds de Solidarité Africain désormais « AA+ »</a></blockquote><iframe sandbox="allow-scripts" security="restricted" src="https://228news.tg/index.php/2018/04/04/le-fonds-de-solidarite-africain-desormais-aa/embed/#?secret=0VKPjSBbRB" width="600" height="338" title="« Le Fonds de Solidarité Africain désormais « AA+ » » &#8212; 228 News" data-secret="0VKPjSBbRB" frameborder="0" marginwidth="0" marginheight="0" scrolling="no" class="wp-embedded-content"></iframe><script>
/*! This file is auto-generated */
!function(d,l){"use strict";l.querySelector&&d.addEventListener&&"undefined"!=typeof URL&&(d.wp=d.wp||{},d.wp.receiveEmbedMessage||(d.wp.receiveEmbedMessage=function(e){var t=e.data;if((t||t.secret||t.message||t.value)&&!/[^a-zA-Z0-9]/.test(t.secret)){for(var s,r,n,a=l.querySelectorAll('iframe[data-secret="'+t.secret+'"]'),o=l.querySelectorAll('blockquote[data-secret="'+t.secret+'"]'),c=new RegExp("^https?:$","i"),i=0;i<o.length;i++)o[i].style.display="none";for(i=0;i<a.length;i++)s=a[i],e.source===s.contentWindow&&(s.removeAttribute("style"),"height"===t.message?(1e3<(r=parseInt(t.value,10))?r=1e3:~~r<200&&(r=200),s.height=r):"link"===t.message&&(r=new URL(s.getAttribute("src")),n=new URL(t.value),c.test(n.protocol))&&n.host===r.host&&l.activeElement===s&&(d.top.location.href=t.value))}},d.addEventListener("message",d.wp.receiveEmbedMessage,!1),l.addEventListener("DOMContentLoaded",function(){for(var e,t,s=l.querySelectorAll("iframe.wp-embedded-content"),r=0;r<s.length;r++)(t=(e=s[r]).getAttribute("data-secret"))||(t=Math.random().toString(36).substring(2,12),e.src+="#?secret="+t,e.setAttribute("data-secret",t)),e.contentWindow.postMessage({message:"ready",secret:t},"*")},!1)))}(window,document);
//# sourceURL=https://228news.tg/wp-includes/js/wp-embed.min.js
</script>

Le Fonds de Solidarité Africain (FSA) a reçu ce mardi 27 mars la notation « AA+ ». Elle lui a été décernée par l&rsquo;agence de notation WARA au cours d&rsquo;une cérémonie dans la capitale togolaise. Fruit du travail bien fait instauré au FSA, cette nouvelle notation matérialise l’efficacité des différentes directions dans leurs rôles respectifs et la ... Lire la suite
