{"version":"1.0","provider_name":"228 News","provider_url":"https:\/\/228news.tg","author_name":"Bienvenu SAVI","author_url":"https:\/\/228news.tg\/index.php\/author\/bienvenu\/","title":"la foire internationale dans une crise nationale - 228 News","type":"rich","width":600,"height":338,"html":"<blockquote class=\"wp-embedded-content\" data-secret=\"IOakyIlSxP\"><a href=\"https:\/\/228news.tg\/index.php\/2017\/11\/16\/la-foire-internationale-dans-une-crise-nationale-2\/\">la foire internationale dans une crise nationale<\/a><\/blockquote><iframe sandbox=\"allow-scripts\" security=\"restricted\" src=\"https:\/\/228news.tg\/index.php\/2017\/11\/16\/la-foire-internationale-dans-une-crise-nationale-2\/embed\/#?secret=IOakyIlSxP\" width=\"600\" height=\"338\" title=\"\u00ab\u00a0la foire internationale dans une crise nationale\u00a0\u00bb &#8212; 228 News\" data-secret=\"IOakyIlSxP\" frameborder=\"0\" marginwidth=\"0\" marginheight=\"0\" scrolling=\"no\" class=\"wp-embedded-content\"><\/iframe><script>\n\/*! This file is auto-generated *\/\n!function(d,l){\"use strict\";l.querySelector&&d.addEventListener&&\"undefined\"!=typeof URL&&(d.wp=d.wp||{},d.wp.receiveEmbedMessage||(d.wp.receiveEmbedMessage=function(e){var t=e.data;if((t||t.secret||t.message||t.value)&&!\/[^a-zA-Z0-9]\/.test(t.secret)){for(var s,r,n,a=l.querySelectorAll('iframe[data-secret=\"'+t.secret+'\"]'),o=l.querySelectorAll('blockquote[data-secret=\"'+t.secret+'\"]'),c=new RegExp(\"^https?:$\",\"i\"),i=0;i<o.length;i++)o[i].style.display=\"none\";for(i=0;i<a.length;i++)s=a[i],e.source===s.contentWindow&&(s.removeAttribute(\"style\"),\"height\"===t.message?(1e3<(r=parseInt(t.value,10))?r=1e3:~~r<200&&(r=200),s.height=r):\"link\"===t.message&&(r=new URL(s.getAttribute(\"src\")),n=new URL(t.value),c.test(n.protocol))&&n.host===r.host&&l.activeElement===s&&(d.top.location.href=t.value))}},d.addEventListener(\"message\",d.wp.receiveEmbedMessage,!1),l.addEventListener(\"DOMContentLoaded\",function(){for(var e,t,s=l.querySelectorAll(\"iframe.wp-embedded-content\"),r=0;r<s.length;r++)(t=(e=s[r]).getAttribute(\"data-secret\"))||(t=Math.random().toString(36).substring(2,12),e.src+=\"#?secret=\"+t,e.setAttribute(\"data-secret\",t)),e.contentWindow.postMessage({message:\"ready\",secret:t},\"*\")},!1)))}(window,document);\n\/\/# sourceURL=https:\/\/228news.tg\/wp-includes\/js\/wp-embed.min.js\n<\/script>\n","thumbnail_url":"https:\/\/228news.tg\/wp-content\/uploads\/2024\/09\/tsevie.jpg","thumbnail_width":600,"thumbnail_height":450,"description":"Les infrastructures ne suffisent pas pour organiser des \u00e9v\u00e9nements importants dans un pays. Parmi les crit\u00e8res il faut aussi la \u00ab\u00a0PAIX\u00a0\u00bb. Mais cela d\u00e9pend de comment vous l\u2019ecrivez. La paix est le d\u00e9nominateur commun de toute r\u00e9ussite. Cette paix manque aujourd\u2019hui aux togolais pour organiser la 14 \u00e8me foire internationale de Lom\u00e9. Cette 14\u00e8me foire ... Lire la suite"}

Les infrastructures ne suffisent pas pour organiser des événements importants dans un pays. Parmi les critères il faut aussi la « PAIX ». Mais cela dépend de comment vous l’ecrivez. La paix est le dénominateur commun de toute réussite. Cette paix manque aujourd’hui aux togolais pour organiser la 14 ème foire internationale de Lomé. Cette 14ème foire ... Lire la suite
