{"version":"1.0","provider_name":"228 News","provider_url":"https:\/\/228news.tg","author_name":"Bienvenu SAVI","author_url":"https:\/\/228news.tg\/index.php\/author\/bienvenu\/","title":"Autorit\u00e9 de R\u00e9gulation des March\u00e9s Publics (ARMP) - 228 News","type":"rich","width":600,"height":338,"html":"<blockquote class=\"wp-embedded-content\" data-secret=\"0pfuo8368n\"><a href=\"https:\/\/228news.tg\/index.php\/2016\/11\/14\/autorite-de-regulation-des-marches-publics-armp\/\">Autorit\u00e9 de R\u00e9gulation des March\u00e9s Publics (ARMP)<\/a><\/blockquote><iframe sandbox=\"allow-scripts\" security=\"restricted\" src=\"https:\/\/228news.tg\/index.php\/2016\/11\/14\/autorite-de-regulation-des-marches-publics-armp\/embed\/#?secret=0pfuo8368n\" width=\"600\" height=\"338\" title=\"\u00ab\u00a0Autorit\u00e9 de R\u00e9gulation des March\u00e9s Publics (ARMP)\u00a0\u00bb &#8212; 228 News\" data-secret=\"0pfuo8368n\" frameborder=\"0\" marginwidth=\"0\" marginheight=\"0\" scrolling=\"no\" class=\"wp-embedded-content\"><\/iframe><script>\n\/*! This file is auto-generated *\/\n!function(d,l){\"use strict\";l.querySelector&&d.addEventListener&&\"undefined\"!=typeof URL&&(d.wp=d.wp||{},d.wp.receiveEmbedMessage||(d.wp.receiveEmbedMessage=function(e){var t=e.data;if((t||t.secret||t.message||t.value)&&!\/[^a-zA-Z0-9]\/.test(t.secret)){for(var s,r,n,a=l.querySelectorAll('iframe[data-secret=\"'+t.secret+'\"]'),o=l.querySelectorAll('blockquote[data-secret=\"'+t.secret+'\"]'),c=new RegExp(\"^https?:$\",\"i\"),i=0;i<o.length;i++)o[i].style.display=\"none\";for(i=0;i<a.length;i++)s=a[i],e.source===s.contentWindow&&(s.removeAttribute(\"style\"),\"height\"===t.message?(1e3<(r=parseInt(t.value,10))?r=1e3:~~r<200&&(r=200),s.height=r):\"link\"===t.message&&(r=new URL(s.getAttribute(\"src\")),n=new URL(t.value),c.test(n.protocol))&&n.host===r.host&&l.activeElement===s&&(d.top.location.href=t.value))}},d.addEventListener(\"message\",d.wp.receiveEmbedMessage,!1),l.addEventListener(\"DOMContentLoaded\",function(){for(var e,t,s=l.querySelectorAll(\"iframe.wp-embedded-content\"),r=0;r<s.length;r++)(t=(e=s[r]).getAttribute(\"data-secret\"))||(t=Math.random().toString(36).substring(2,12),e.src+=\"#?secret=\"+t,e.setAttribute(\"data-secret\",t)),e.contentWindow.postMessage({message:\"ready\",secret:t},\"*\")},!1)))}(window,document);\n\/\/# sourceURL=https:\/\/228news.tg\/wp-includes\/js\/wp-embed.min.js\n<\/script>\n","thumbnail_url":"https:\/\/228news.tg\/wp-content\/uploads\/2024\/09\/IMG-20161112-WA0030.jpg","thumbnail_width":1280,"thumbnail_height":720,"description":"Autorit\u00e9 de R\u00e9gulation des March\u00e9s Publics (ARMP) La soci\u00e9t\u00e9 civile et les m\u00e9dias \u00e0 l\u2019\u00e9cole des march\u00e9s publics Une formation a \u00e9t\u00e9 ouverte le lundi 7 novembre dernier au profit des membres des organisations de la soci\u00e9t\u00e9 civile et des journalistes, ceci pour mieux expliquer le r\u00f4le de veille citoyenne que ces eux acteurs non ... Lire la suite"}

Autorité de Régulation des Marchés Publics (ARMP) - 228 News

<blockquote class="wp-embedded-content" data-secret="0pfuo8368n"><a href="https://228news.tg/index.php/2016/11/14/autorite-de-regulation-des-marches-publics-armp/">Autorité de Régulation des Marchés Publics (ARMP)</a></blockquote><iframe sandbox="allow-scripts" security="restricted" src="https://228news.tg/index.php/2016/11/14/autorite-de-regulation-des-marches-publics-armp/embed/#?secret=0pfuo8368n" width="600" height="338" title="« Autorité de Régulation des Marchés Publics (ARMP) » &#8212; 228 News" data-secret="0pfuo8368n" frameborder="0" marginwidth="0" marginheight="0" scrolling="no" class="wp-embedded-content"></iframe><script>
/*! This file is auto-generated */
!function(d,l){"use strict";l.querySelector&&d.addEventListener&&"undefined"!=typeof URL&&(d.wp=d.wp||{},d.wp.receiveEmbedMessage||(d.wp.receiveEmbedMessage=function(e){var t=e.data;if((t||t.secret||t.message||t.value)&&!/[^a-zA-Z0-9]/.test(t.secret)){for(var s,r,n,a=l.querySelectorAll('iframe[data-secret="'+t.secret+'"]'),o=l.querySelectorAll('blockquote[data-secret="'+t.secret+'"]'),c=new RegExp("^https?:$","i"),i=0;i<o.length;i++)o[i].style.display="none";for(i=0;i<a.length;i++)s=a[i],e.source===s.contentWindow&&(s.removeAttribute("style"),"height"===t.message?(1e3<(r=parseInt(t.value,10))?r=1e3:~~r<200&&(r=200),s.height=r):"link"===t.message&&(r=new URL(s.getAttribute("src")),n=new URL(t.value),c.test(n.protocol))&&n.host===r.host&&l.activeElement===s&&(d.top.location.href=t.value))}},d.addEventListener("message",d.wp.receiveEmbedMessage,!1),l.addEventListener("DOMContentLoaded",function(){for(var e,t,s=l.querySelectorAll("iframe.wp-embedded-content"),r=0;r<s.length;r++)(t=(e=s[r]).getAttribute("data-secret"))||(t=Math.random().toString(36).substring(2,12),e.src+="#?secret="+t,e.setAttribute("data-secret",t)),e.contentWindow.postMessage({message:"ready",secret:t},"*")},!1)))}(window,document);
//# sourceURL=https://228news.tg/wp-includes/js/wp-embed.min.js
</script>

Autorité de Régulation des Marchés Publics (ARMP) La société civile et les médias à l’école des marchés publics Une formation a été ouverte le lundi 7 novembre dernier au profit des membres des organisations de la société civile et des journalistes, ceci pour mieux expliquer le rôle de veille citoyenne que ces eux acteurs non ... Lire la suite
